g - 19. Let k(j) = c*n(j) - 9*v(j). Give k(-5).
-3
Suppose 2*d = 2*m - 6, 9 = 3*m + d + d. Let v be (-5)/2 + 1 + (-9)/(-2). Let k(t) = -6 - 5*t**2 - v*t + 7 + 2*t + t**3 + 2*t**2. Give k(m).
-2
Let r(g) = -g**2 + 14*g + 8. Let d(z) = -2*z**2 + 27*z + 15. Let c(o) = -4*d(o) + 7*r(o). Give c(5).
-29
Let q be 72/84*(-8 - -1). Let v be 6 - (q/(-1) - 3). Let p(j) = -4*j + j**3 + 3 - 2 - 2*j**2 + 0. Determine p(v).
-2
Let f = 45 + -49. Let h(m) = m + 1. Let l(a) = -4*a - 6. Let b(x) = -14*h(x) - 3*l(x). Give b(f).
12
Let j(b) = 3*b**2 + 3*b + 2. Let g(u) = u**2 - 5*u - 2. Let z(n) = -n**3 - 9*n**2 - 3*n - 22. Let v be z(-9). Let c be g(v). Determine j(c).
8
Let z be 18*(14/6 + -2) + -5. Let m(u) = 15*u**2 + 2*u. What is m(z)?
17
Let v(k) be the second derivative of -7/6*k**3 + 1/12*k**4 + 6*k + 0 - 11/2*k**2. Let f(q) be the first derivative of v(q). Give f(6).
5
Let w(s) = -4*s - 3. Let j(t) = 23*t + 19. Let p(a) = -6*j(a) - 34*w(a). What is p(-6)?
0
Let z(l) be the second derivative of l**5/20 + l**4/3 + l**3/2 + l**2 - 4*l + 35. Suppose -1 = 5*r + 9. Calculate z(r).
4
Suppose 3*o = 107 + 31. Let l = -54 + o. Let w(r) = r**2 + 8*r - 9. Give w(l).
-9
Let n(q) = -q - 3. Suppose 20 = 2*h + 3*k, 2*k - 6*k = -5*h + 4. Suppose h*w = -w. What is n(w)?
-3
Let b be (18/72)/(1/20). Let z(k) be the first derivative of 1/3*k**3 - k - 9 - 7/2*k**2. Determine z(b).
-11
Let x(q) = 94826*q + 2 - 94829*q - 4. Determine x(-7).
19
Let w(o) = o - 5. Let j be w(8). Suppose j*y + p + p = 10, -5*p + 25 = -5*y. Let d(x) = 3*x**2 + 4 - 4 - 1 + y. Determine d(-1).
2
Let z(f) = -20*f - 2 - 12*f + f**2 + 38*f + 4. Let b be z(-4). Let a(l) = l**3 + 5*l**2 - 6*l - 6. Give a(b).
-6
Let d(w) = w**2 + 6*w + 5. Suppose -h = -21*h - 100. What is d(h)?
0
Let s(y) = -2*y**3 - 5*y**2 - 3*y - 3. Suppose 5*x + 11 - 1 = 0. Let a be (3 - (-36)/(-16))/(x/8). What is s(a)?
15
Let s(m) be the third derivative of m**5/15 - m**4/24 + 2*m**2. Let o = -24 - -39. Let l be -3*2/(-8)*20/o. Calculate s(l).
3
Suppose -d = -5*t + 14, 3*t + 3*d - 18 = 6*d. Let g(w) = w**3 - 6*w**3 + 4*w**3 - 5*w**t + 0*w**3 + 5*w + 1. Calculate g(-6).
7
Suppose -2*l = -2 + 8. Let w(m) = -m**2 - m + 6. Let x be w(l). Let t(g) be the third derivative of g**4/24 + 4*g**3/3 + g**2. Calculate t(x).
8
Suppose -4*o = r - 15, -4*o - o + 24 = 3*r. Suppose x - o*u = -4*u, -3*x - 2*u = -2. Let k(j) = 1 + j - 4*j + x*j. Calculate k(-3).
4
Let r(b) be the first derivative of -b**6/360 + b**5/60 + b**4/8 + 14*b**3/3 + 17. Let a(o) be the third derivative of r(o). Determine a(-2).
-5
Let x(n) = -6*n - 15. Let f(a) = -5*a - 14. Let u(o) = 3*f(o) - 2*x(o). Give u(-5).
3
Let o = -2 + 2. Let l(c) = -11*c**2 + 4*c**2 + o*c**2 + 6*c**2. Determine l(1).
-1
Let t(d) be the second derivative of -d**5/20 - d**4/3 + d**3/3 + 5*d**2/2 - 127*d. What is t(-4)?
-3
Suppose -393*c + 391*c + 10 = 0. Let a(s) = 2*s - 2. What is a(c)?
8
Let f(u) be the second derivative of -u**6/120 + u**5/12 - u**4/6 + u**3/2 + 6*u**2 - 12*u. Let x(b) be the first derivative of f(b). Determine x(5).
-17
Let u(c) = -2*c**3 - 8*c**2 - 2*c - 6. Let h be u(-4). Let r(x) = -9*x - 22*x**2 - 13*x**2 + 36*x**h. Determine r(8).
-8
Let d(b) = -b**2 - 2*b - 18. Let c(r) = r**2 + r - 2. Let q(l) = -2*c(l) - d(l). Calculate q(0).
22
Let l = -14 - -21. Let x(o) = -6*o + 8. Let c(a) = a - 1. Let s(d) = 5*c(d) + x(d). Calculate s(l).
-4
Let m(l) = l**3 + l - 10. Suppose -2*h = -3*i - 6, -2*h + 4*i + 0 = -8. What is m(h)?
-10
Let a(r) = 9*r**2 + 3*r + 4. Let n(q) = 20*q**2 + 5*q + 7. Let i(w) = -5*a(w) + 3*n(w). Let p = -8 - -9. Calculate i(p).
16
Let v(t) = -t**3 - 2*t**2 + 4*t. Let y(r) = -r**2 - 9*r - 4. Let x(o) = o**2 + 21*o + 11. Let z be x(-20). Let a be y(z). Give v(a).
16
Let d(i) = i**2 - 16*i + 34. Let t be d(13). Let u(z) = z**3 + 5*z**2 + z - 1. Determine u(t).
-6
Let f(w) = w - 9. Let r = 122 - 116. Determine f(r).
-3
Let s(o) be the first derivative of o**6/120 - o**5/12 - o**4/24 + o**3/3 - 12*o**2 + 41. Let g(h) be the second derivative of s(h). Calculate g(5).
-3
Let m(l) be the second derivative of -1/20*l**5 + 1/4*l**4 - 5/2*l**2 + 2/3*l**3 + 0 + 8*l. Give m(4).
-5
Suppose -5*v + 25 = -0*v. Let g be (v/(-2))/((-1)/2). Let r(y) = -5 + 8 + g + y. What is r(0)?
8
Let n(p) = -p**3 + 8*p**2 - 6*p - 13. Let q(a) = -a**3 + 17*a**2 - 13*a - 28. Let s be (-6)/15*2 + (-183)/15. Let g(o) = s*n(o) + 6*q(o). Give g(-1).
-8
Let q(v) = v + 2. Let w be (-2 - -3)*0 - (-111 + -2). Let m = 113 - w. Determine q(m).
2
Let j(q) = -7 - 3*q + 1 + 2. Let v = -73 + 25. Let x = 44 + v. What is j(x)?
8
Let o be ((5/(-15))/((-7)/(-210)))/1. Let q(r) = -2*r**2 - 19*r + 5. Determine q(o).
-5
Let l(x) be the first derivative of x**4/4 - 5*x**3/3 - 5*x**2 + 11*x + 151. What is l(6)?
-13
Let a(c) be the first derivative of c**4/4 + c**3 + 3*c**2/2 + 4*c + 2. Suppose 140*m + 300 = 40*m. Calculate a(m).
-5
Let g(v) = 3*v - 4. Let z(h) = h - 3. Let d(r) = 4*g(r) - 11*z(r). Calculate d(-12).
5
Let b(r) = -6*r - 8 - 12*r**2 + 3 + 19*r**2 - 8*r**2 + 1. Determine b(-5).
1
Suppose -5*d - 2*y = -0*d + 15, 20 = -3*d + y. Let r(k) = -k**3 - 6*k**2 - 4*k + 7. What is r(d)?
2
Let q be 48/(-9)*6/(-2). Let h = -15 + q. Let w(n) = 5*n**3 + n**2 - 10*n - 7. Let l(o) = o**3 + o**2 - o - 1. Let k(u) = h*w(u) - 6*l(u). Calculate k(-4).
-1
Let y(p) = 2*p**2 + 2*p + 2. Let b be y(-2). Let i(r) = 3354*r - 5*r**2 + 4*r**2 - 6 - 3350*r. Calculate i(b).
-18
Suppose 0 = 3*m + 2*m - 15, 5*n - 3*m = 31. Let x(a) = -3*a**2 - 5*a + 5. Let p(k) = k**2 + 2*k - 2. Let y(t) = n*p(t) + 3*x(t). Determine y(-3).
-13
Let u(t) = -t**2 + 12. Let x(b) = -b**2 - 5*b + 14. Let h(c) = 2*c**3 + 5*c**2 + 2*c + 8. Let d be h(-3). Let i be x(d). Determine u(i).
12
Let t be (2/3)/(2/6). Suppose -2*w + w = -2*n + 11, -n - 2*w = 7. Let h(g) = g**n - 2*g**3 - 2 + g + 3*g**2 - 2*g**2 + 2*g. Determine h(t).
0
Let y(b) be the second derivative of 1/6*b**3 + 0 + 0*b**2 - 1/5*b**5 + 1/12*b**4 + 2*b. Let m(h) = -h**2 - 5*h - 1. Let g be m(-5). Give y(g).
4
Let o(d) = 2*d**2 + d + 6*d**2 - 9*d**2 - d**3 - 5. Let v be 0*-1*(-2)/(-4). Give o(v).
-5
Let a = 7 + -3. Let h(k) = -5*k. Let r be h(-1). Let y(p) = -5 - 3*p + r + 2*p + 1. Give y(a).
-3
Let s = 2 - 7. Let w(g) be the first derivative of -g**7/840 - g**6/60 - g**5/24 - g**4/8 + 10*g**3/3 - 6. Let k(h) be the third derivative of w(h). Give k(s).
-3
Let w(g) = -2*g**3 - g**2 + g - 2. Let u be (12/7)/((-39)/(-364)). Suppose 43 = 4*a + 115. Let j = u + a. Determine w(j).
8
Suppose k = 4*y + 6*k + 13, 3*y + k + 7 = 0. Let d(g) = 4*g - 28*g**2 + 48*g**2 + 1 - 19*g**2. What is d(y)?
-3
Let f(n) be the second derivative of 0 - 2*n + 1/12*n**4 - 3*n**2 + 2/3*n**3. Let x be 171/(-36) + (-1)/4. Give f(x).
-1
Let l(b) = -b + 6. Let r = 15 - 10. Suppose 0 = r*o + p - 1, o - 4*p + 4 = -3*o. Give l(o).
6
Suppose -9 = -m - 5*l, m + 15 = -m + l. Let a(q) be the second derivative of 5/6*q**3 + 1/12*q**4 + 11*q + 0 - 1/2*q**2. Calculate a(m).
5
Let o(p) = p + 10. Let t(x) = -x**2 + 41. Let h be t(-6). Determine o(h).
15
Let g = -14 + 17. Suppose -g*r = -10 + 4. Suppose -a + r = 4*f - 6*a, -4 = 3*f - a. Let u(n) = n**3 + 4*n**2 - 1. Determine u(f).
7
Let s(u) = -u**2 - 110 - 6*u + 104 + 4*u. Determine s(-4).
-14
Suppose 17*x + 69 + 135 = 0. Let g(m) = m**2 + 13*m + 15. Give g(x).
3
Suppose -3*z = 4*a - 35, 0 = z + 4*z - 5*a. Suppose 4*g = -z*t - 0*g - 13, 2*t + 8 = -3*g. Let h(i) = 4*i. Calculate h(t).
-4
Let g(d) = -d**3 + 23*d**2 - 22*d + 7. Let i be g(22). Let r(k) = k**2 - 4 - 5*k + 4 - 5. Give r(i).
9
Let b(l) = -26 - 9 + 8*l + 37. Determine b(-1).
-6
Let s(d) = d - 1. Suppose -152*n + 149*n + 72 = 0. Suppose -37*l = -41*l + n. What is s(l)?
5
Let x(o) = -2*o - 9*o + 12*o - 6. Let f be 82/8 + (-21)/(-28). Suppose -8*m - 15 = -f*m. Give x(m).
-1
Let w(n) = -n + 21. Let m = -190 + 190. Determine w(m).
21
Let k(y) = -y**2 - 3*y + 2. Let o be k(-4). Let c(v) = -417 + 419 - 79*v + 3*v**2 + 45*v + 37*v. Calculate c(o).
8
Let c = 1748 + -1743. Let m(k) = -k**2 + 13*k - 4. Give m(c).
36
Let s be (-10)/(-6) + 7/21. Let n(p) = 6*p**2 - 2 - p**3 - 3*p**2 + s*p + 4*p**2 - 7*p. Suppose -3*b = -3, 10 = -3*w + 5*w - 2*b. Determine n(w).
4
Let l = -42 + 45. Let j(s) = -5*s**2 - 3 - 2 - s - s**l + s + 3*s. What is j(-6)?
13
Let n